{"id":24,"date":"2022-07-11T10:41:11","date_gmt":"2022-07-11T10:41:11","guid":{"rendered":"https:\/\/www.lesportscorses.com\/propriano\/?page_id=24"},"modified":"2026-04-15T20:26:03","modified_gmt":"2026-04-15T20:26:03","slug":"le-plan","status":"publish","type":"page","link":"https:\/\/www.lesportscorses.com\/propriano\/le-plan\/","title":{"rendered":"Le Plan"},"content":{"rendered":"\n[et_pb_section fb_built=&#8221;1&#8243; admin_label=&#8221;section&#8221; _builder_version=&#8221;4.17.4&#8243; _module_preset=&#8221;default&#8221; background_image=&#8221;https:\/\/www.lesportscorses.com\/propriano\/wp-content\/uploads\/2022\/07\/PORT-1.jpg&#8221; min_height=&#8221;500px&#8221; max_height=&#8221;1000px&#8221; custom_margin=&#8221;-102px||-1px||false|false&#8221; hover_enabled=&#8221;0&#8243; global_colors_info=&#8221;{}&#8221; sticky_enabled=&#8221;0&#8243;][\/et_pb_section][et_pb_section fb_built=&#8221;1&#8243; _builder_version=&#8221;4.17.4&#8243; _module_preset=&#8221;default&#8221; background_color=&#8221;#ffffff&#8221; top_divider_color=&#8221;rgba(212,213,215,0.31)&#8221; top_divider_height=&#8221;47px&#8221; hover_enabled=&#8221;0&#8243; locked=&#8221;off&#8221; global_colors_info=&#8221;{}&#8221; sticky_enabled=&#8221;0&#8243;][et_pb_row _builder_version=&#8221;4.17.6&#8243; _module_preset=&#8221;default&#8221; global_colors_info=&#8221;{}&#8221; theme_builder_area=&#8221;post_content&#8221;][et_pb_column type=&#8221;4_4&#8243; _builder_version=&#8221;4.17.6&#8243; _module_preset=&#8221;default&#8221; global_colors_info=&#8221;{}&#8221; theme_builder_area=&#8221;post_content&#8221;][et_pb_text _builder_version=&#8221;4.17.4&#8243; _module_preset=&#8221;default&#8221; text_font=&#8221;Poppins|700|||||||&#8221; text_text_color=&#8221;#22ad9d&#8221; text_font_size=&#8221;41px&#8221; custom_margin=&#8221;||37px||false|false&#8221; hover_enabled=&#8221;0&#8243; global_colors_info=&#8221;{}&#8221; theme_builder_area=&#8221;post_content&#8221; sticky_enabled=&#8221;0&#8243; text_font_size_last_edited=&#8221;on|phone&#8221; text_font_size_phone=&#8221;30px&#8221; text_font_size_tablet=&#8221;41px&#8221;]<p>PLAN DU PORT<\/p>[\/et_pb_text][et_pb_text _builder_version=&#8221;4.17.4&#8243; _module_preset=&#8221;default&#8221; text_font=&#8221;Poppins|300|||||||&#8221; text_text_color=&#8221;#464647&#8243; text_font_size=&#8221;18px&#8221; text_letter_spacing=&#8221;1px&#8221; text_line_height=&#8221;1em&#8221; text_orientation=&#8221;center&#8221; custom_margin=&#8221;10px||30px||false|false&#8221; animation_style=&#8221;slide&#8221; animation_direction=&#8221;left&#8221; animation_duration=&#8221;1150ms&#8221; animation_delay=&#8221;650ms&#8221; animation_intensity_slide=&#8221;33%&#8221; animation_starting_opacity=&#8221;5%&#8221; hover_enabled=&#8221;0&#8243; locked=&#8221;off&#8221; global_colors_info=&#8221;{}&#8221; theme_builder_area=&#8221;post_content&#8221; sticky_enabled=&#8221;0&#8243;]<p style=\"text-align: left;\">Retrouvez tous les points d&#8217;int\u00e9r\u00eats sur la zone portuaire<\/p>[\/et_pb_text][et_pb_divider _builder_version=&#8221;4.17.6&#8243; _module_preset=&#8221;default&#8221; global_colors_info=&#8221;{}&#8221; theme_builder_area=&#8221;post_content&#8221;][\/et_pb_divider][\/et_pb_column][\/et_pb_row][et_pb_row _builder_version=&#8221;4.17.4&#8243; _module_preset=&#8221;default&#8221; global_colors_info=&#8221;{}&#8221;][et_pb_column type=&#8221;4_4&#8243; _builder_version=&#8221;4.17.4&#8243; _module_preset=&#8221;default&#8221; global_colors_info=&#8221;{}&#8221;][et_pb_image src=&#8221;https:\/\/www.lesportscorses.com\/propriano\/wp-content\/uploads\/2022\/07\/PLAN-LETTRES-ET-DECORS.png&#8221; alt=&#8221;plan du port ordures m\u00e9nag\u00e8res &#8211; Bonifacio Marina&#8221; title_text=&#8221;PLAN LETTRES ET DECORS&#8221; _builder_version=&#8221;4.17.4&#8243; _module_preset=&#8221;default&#8221; width=&#8221;89%&#8221; max_width=&#8221;84%&#8221; module_alignment=&#8221;center&#8221; global_colors_info=&#8221;{}&#8221;][\/et_pb_image][\/et_pb_column][\/et_pb_row][et_pb_row disabled_on=&#8221;on|on|on&#8221; _builder_version=&#8221;4.17.4&#8243; _module_preset=&#8221;default&#8221; disabled=&#8221;on&#8221; global_colors_info=&#8221;{}&#8221;][et_pb_column type=&#8221;4_4&#8243; _builder_version=&#8221;4.17.4&#8243; _module_preset=&#8221;default&#8221; global_colors_info=&#8221;{}&#8221;][et_pb_text _builder_version=&#8221;4.17.4&#8243; _module_preset=&#8221;default&#8221; text_font=&#8221;Poppins|700||on|||||&#8221; text_text_color=&#8221;#22AD9D&#8221; text_font_size=&#8221;32px&#8221; text_line_height_tablet=&#8221;&#8221; text_line_height_phone=&#8221;1.1em&#8221; text_line_height_last_edited=&#8221;on|phone&#8221; global_colors_info=&#8221;{}&#8221;]<p>Gestion des d\u00e9chets<\/p>[\/et_pb_text][et_pb_text _builder_version=&#8221;4.17.4&#8243; _module_preset=&#8221;default&#8221; text_text_color=&#8221;#22AD9D&#8221; custom_margin=&#8221;||5px||false|false&#8221; global_colors_info=&#8221;{}&#8221;]<p><span><strong><img loading=\"lazy\" decoding=\"async\" src=\"https:\/\/www.lesportscorses.com\/propriano\/wp-content\/uploads\/2022\/07\/Sans-titre-1-292x300-1.png\" alt=\"\" class=\"wp-image-1122 alignnone size-medium\" width=\"21\" height=\"21\" \/> &#8211; D\u00c9CHETS RECYCLABLES, SP\u00c9CIAUX ET TOXIQUES, PROVENANT DE L\u2019ENTRETIEN DES BATEAUX<br \/><\/strong><\/span><\/p>[\/et_pb_text][et_pb_text _builder_version=&#8221;4.17.4&#8243; _module_preset=&#8221;default&#8221; global_colors_info=&#8221;{}&#8221;]<p><span>Ils doivent \u00eatre port\u00e9s au Point Propre situ\u00e9 \u00e0 l\u2019entr\u00e9e de la Zone Technique, entre l\u2019aire de car\u00e9nage et la maison des p\u00e9cheurs, il est accessible tous les jours. Plusieurs conteneurs sont disponibles, cartons, m\u00e9taux, d\u00e9chets toxiques, d\u00e9chets non toxiques, batteries, etc<\/span><\/p>[\/et_pb_text][et_pb_text _builder_version=&#8221;4.17.4&#8243; _module_preset=&#8221;default&#8221; text_text_color=&#8221;#22AD9D&#8221; custom_margin=&#8221;||5px||false|false&#8221; global_colors_info=&#8221;{}&#8221;]<p><span><strong><img loading=\"lazy\" decoding=\"async\" src=\"https:\/\/www.lesportscorses.com\/propriano\/wp-content\/uploads\/2022\/07\/Sans-titre-1-292x300-1.png\" alt=\"\" class=\"wp-image-1122 alignnone size-medium\" width=\"20\" height=\"21\" \/> &#8211; ORDURES M\u00c9NAG\u00c8RES :<\/strong><\/span><\/p>[\/et_pb_text][et_pb_text _builder_version=&#8221;4.17.4&#8243; _module_preset=&#8221;default&#8221; global_colors_info=&#8221;{}&#8221;]<p><span>Tout ce qui n\u2019est pas toxique ou recyclable doit \u00eatre d\u00e9pos\u00e9 dans les conteneurs d\u2019ordures m\u00e9nag\u00e8res situ\u00e9s pr\u00e8s des espaces de tri s\u00e9lectif.<\/span><\/p>[\/et_pb_text][et_pb_text _builder_version=&#8221;4.17.4&#8243; _module_preset=&#8221;default&#8221; text_text_color=&#8221;#22AD9D&#8221; custom_margin=&#8221;||5px||false|false&#8221; global_colors_info=&#8221;{}&#8221;]<p><span><strong><img loading=\"lazy\" decoding=\"async\" src=\"https:\/\/www.lesportscorses.com\/propriano\/wp-content\/uploads\/2022\/07\/Sans-titre-1-292x300-1.png\" alt=\"\" class=\"wp-image-1122 alignnone size-medium\" width=\"23\" height=\"23\" \/> &#8211; ORDURES M\u00c9NAG\u00c8RES :<\/strong><\/span><\/p>[\/et_pb_text][et_pb_text _builder_version=&#8221;4.17.4&#8243; _module_preset=&#8221;default&#8221; global_colors_info=&#8221;{}&#8221;]<p><span>Des colonnes de tri sont situ\u00e9s autour du port et permettent de collecter le verre, les bouteilles plastiques, les emballages non souill\u00e9s, les papiers et les cartons.<\/span><\/p>[\/et_pb_text][et_pb_text _builder_version=&#8221;4.17.4&#8243; _module_preset=&#8221;default&#8221; text_font=&#8221;Poppins|700||on|||||&#8221; text_text_color=&#8221;#1D3079&#8243; text_font_size=&#8221;32px&#8221; custom_margin=&#8221;60px||||false|false&#8221; text_line_height_tablet=&#8221;&#8221; text_line_height_phone=&#8221;1.1em&#8221; text_line_height_last_edited=&#8221;on|phone&#8221; global_colors_info=&#8221;{}&#8221;]<p>Traitement des eaux<\/p>[\/et_pb_text][et_pb_text _builder_version=&#8221;4.17.4&#8243; _module_preset=&#8221;default&#8221; text_text_color=&#8221;#1D3079&#8243; custom_margin=&#8221;||5px||false|false&#8221; global_colors_info=&#8221;{}&#8221;]<p><span><strong><img loading=\"lazy\" decoding=\"async\" src=\"https:\/\/www.lesportscorses.com\/propriano\/wp-content\/uploads\/2022\/07\/WATER-205x300-1.png\" alt=\"\" class=\"wp-image-1125 alignnone size-medium\" width=\"13\" height=\"20\" \/> &#8211; EAUX DE CAR\u00c9NAGE :<\/strong><\/span><\/p>[\/et_pb_text][et_pb_text _builder_version=&#8221;4.17.4&#8243; _module_preset=&#8221;default&#8221; global_colors_info=&#8221;{}&#8221;]<p><span>La zone de car\u00e9nage est \u00e9quip\u00e9e d\u2019une station de traitement qui permet d\u2019\u00e9liminer la pollution provenant des op\u00e9rations de car\u00e9nage.<br \/>La pratique du car\u00e9nage \u00e0 flot est strictement interdite<\/span><\/p>[\/et_pb_text][et_pb_text _builder_version=&#8221;4.17.4&#8243; _module_preset=&#8221;default&#8221; text_text_color=&#8221;#1D3079&#8243; custom_margin=&#8221;||5px||false|false&#8221; global_colors_info=&#8221;{}&#8221;]<p><span><strong><img loading=\"lazy\" decoding=\"async\" src=\"https:\/\/www.lesportscorses.com\/propriano\/wp-content\/uploads\/2022\/07\/WATER-205x300-1.png\" alt=\"\" class=\"wp-image-1125 alignnone size-medium\" width=\"14\" height=\"21\" \/> &#8211; EAUX US\u00c9ES\u00a0 ET EAUX DE FOND DE CALE DES BATEAUX :<\/strong><\/span><\/p>[\/et_pb_text][et_pb_text _builder_version=&#8221;4.17.4&#8243; _module_preset=&#8221;default&#8221; global_colors_info=&#8221;{}&#8221;]<p><span>Tout rejet d\u2019eaux us\u00e9es et de fond de cale provenant des bateaux est strictement interdit. Pour les bateaux \u00e9quip\u00e9s d\u2019une caisse \u00e0 eau noire, une pompe de collecte des eaux noires et de fond de cale est disponible sur le quai d\u2019avitaillement.<\/span><\/p>[\/et_pb_text][\/et_pb_column][\/et_pb_row][\/et_pb_section]\n","protected":false},"excerpt":{"rendered":"<p>PLAN DU PORTRetrouvez tous les points d&#8217;int\u00e9r\u00eats sur la zone portuaireGestion des d\u00e9chets &#8211; D\u00c9CHETS RECYCLABLES, SP\u00c9CIAUX ET TOXIQUES, PROVENANT DE L\u2019ENTRETIEN DES BATEAUXIls doivent \u00eatre port\u00e9s au Point Propre situ\u00e9 \u00e0 l\u2019entr\u00e9e de la Zone Technique, entre l\u2019aire de car\u00e9nage et la maison des p\u00e9cheurs, il est accessible tous les jours. Plusieurs conteneurs sont [&hellip;]<\/p>\n","protected":false},"author":1,"featured_media":0,"parent":0,"menu_order":0,"comment_status":"closed","ping_status":"closed","template":"","meta":{"_et_pb_use_builder":"on","_et_pb_old_content":"","_et_gb_content_width":"","footnotes":""},"class_list":["post-24","page","type-page","status-publish","hentry"],"_links":{"self":[{"href":"https:\/\/www.lesportscorses.com\/propriano\/wp-json\/wp\/v2\/pages\/24","targetHints":{"allow":["GET"]}}],"collection":[{"href":"https:\/\/www.lesportscorses.com\/propriano\/wp-json\/wp\/v2\/pages"}],"about":[{"href":"https:\/\/www.lesportscorses.com\/propriano\/wp-json\/wp\/v2\/types\/page"}],"author":[{"embeddable":true,"href":"https:\/\/www.lesportscorses.com\/propriano\/wp-json\/wp\/v2\/users\/1"}],"replies":[{"embeddable":true,"href":"https:\/\/www.lesportscorses.com\/propriano\/wp-json\/wp\/v2\/comments?post=24"}],"version-history":[{"count":1,"href":"https:\/\/www.lesportscorses.com\/propriano\/wp-json\/wp\/v2\/pages\/24\/revisions"}],"predecessor-version":[{"id":43763,"href":"https:\/\/www.lesportscorses.com\/propriano\/wp-json\/wp\/v2\/pages\/24\/revisions\/43763"}],"wp:attachment":[{"href":"https:\/\/www.lesportscorses.com\/propriano\/wp-json\/wp\/v2\/media?parent=24"}],"curies":[{"name":"wp","href":"https:\/\/api.w.org\/{rel}","templated":true}]}}