{"id":6,"date":"2022-08-25T14:51:10","date_gmt":"2022-08-25T14:51:10","guid":{"rendered":"https:\/\/www.lesportscorses.com\/?page_id=6"},"modified":"2022-12-20T10:16:42","modified_gmt":"2022-12-20T10:16:42","slug":"ports-corses","status":"publish","type":"page","link":"https:\/\/www.lesportscorses.com\/v3\/","title":{"rendered":"Les Ports Corses &#8211; Accueil"},"content":{"rendered":"<p>[et_pb_section fb_built=&#8221;1&#8243; _builder_version=&#8221;4.17.6&#8243; _module_preset=&#8221;default&#8221; background_color=&#8221;#eaf0ff&#8221; background_enable_image=&#8221;off&#8221; min_height=&#8221;720px&#8221; custom_margin=&#8221;||-89px||false|false&#8221; custom_padding=&#8221;||33px||false|false&#8221; global_colors_info=&#8221;{}&#8221;][et_pb_row column_structure=&#8221;1_2,1_2&#8243; _builder_version=&#8221;4.17.6&#8243; _module_preset=&#8221;default&#8221; min_height=&#8221;226px&#8221; custom_margin=&#8221;-140px||-23px||false|false&#8221; custom_padding=&#8221;||0px|||&#8221; global_colors_info=&#8221;{}&#8221;][et_pb_column type=&#8221;1_2&#8243; _builder_version=&#8221;4.17.6&#8243; _module_preset=&#8221;default&#8221; global_colors_info=&#8221;{}&#8221;][et_pb_image src=&#8221;https:\/\/www.lesportscorses.com\/wp-content\/uploads\/2022\/08\/les-ports-corses-logo.png&#8221; title_text=&#8221;les ports corses logo&#8221; align=&#8221;center&#8221; _builder_version=&#8221;4.17.6&#8243; _module_preset=&#8221;default&#8221; transform_scale=&#8221;60%|60%&#8221; transform_translate=&#8221;0px|-11px&#8221; transform_translate_linked=&#8221;off&#8221; width=&#8221;100%&#8221; custom_margin=&#8221;71px||-3px|9px|false|false&#8221; animation_style=&#8221;fade&#8221; global_colors_info=&#8221;{}&#8221;][\/et_pb_image][et_pb_text _builder_version=&#8221;4.17.6&#8243; _module_preset=&#8221;default&#8221; text_font=&#8221;Poppins|500|||||||&#8221; text_text_color=&#8221;#52aadd&#8221; text_font_size=&#8221;19px&#8221; text_line_height=&#8221;1em&#8221; transform_scale=&#8221;109%|109%&#8221; transform_scale_tablet=&#8221;&#8221; transform_scale_phone=&#8221;&#8221; transform_scale_last_edited=&#8221;on|desktop&#8221; transform_translate=&#8221;0px|-200px&#8221; transform_translate_tablet=&#8221;0px|-200px&#8221; transform_translate_phone=&#8221;0px|-200px&#8221; transform_translate_last_edited=&#8221;on|desktop&#8221; transform_translate_linked=&#8221;off&#8221; transform_rotate_tablet=&#8221;&#8221; transform_rotate_phone=&#8221;&#8221; transform_rotate_last_edited=&#8221;on|desktop&#8221; transform_skew_tablet=&#8221;&#8221; transform_skew_phone=&#8221;&#8221; transform_skew_last_edited=&#8221;on|desktop&#8221; transform_origin_tablet=&#8221;&#8221; transform_origin_phone=&#8221;&#8221; transform_origin_last_edited=&#8221;on|desktop&#8221; transform_styles_last_edited=&#8221;on|desktop&#8221; custom_margin=&#8221;7px||-59px|7px|false|false&#8221; custom_padding=&#8221;150px||0px||false|false&#8221; animation_style=&#8221;fade&#8221; animation_duration=&#8221;1450ms&#8221; transform_styles_tablet=&#8221;&#8221; transform_styles_phone=&#8221;&#8221; global_colors_info=&#8221;{}&#8221;]<\/p>\n<p style=\"text-align: center;\"><span style=\"font-size: x-large;\"><strong>Bienvenue sur le site <\/strong><\/span><\/p>\n<p style=\"text-align: center;\"><span style=\"font-size: x-large;\"><strong>des ports corses !<\/strong><\/span><\/p>\n<p><strong><\/strong><\/p>\n<p>[\/et_pb_text][et_pb_text _builder_version=&#8221;4.17.6&#8243; _module_preset=&#8221;default&#8221; text_font=&#8221;Poppins|300|||||||&#8221; text_text_color=&#8221;#474747&#8243; text_font_size=&#8221;19px&#8221; text_line_height=&#8221;0.4em&#8221; transform_scale_tablet=&#8221;&#8221; transform_scale_phone=&#8221;&#8221; transform_scale_last_edited=&#8221;on|desktop&#8221; transform_translate=&#8221;0px|-200px&#8221; transform_translate_tablet=&#8221;0px|-200px&#8221; transform_translate_phone=&#8221;0px|-200px&#8221; transform_translate_last_edited=&#8221;on|desktop&#8221; transform_translate_linked=&#8221;off&#8221; transform_rotate_tablet=&#8221;&#8221; transform_rotate_phone=&#8221;&#8221; transform_rotate_last_edited=&#8221;on|desktop&#8221; transform_skew_tablet=&#8221;&#8221; transform_skew_phone=&#8221;&#8221; transform_skew_last_edited=&#8221;on|desktop&#8221; transform_origin_tablet=&#8221;&#8221; transform_origin_phone=&#8221;&#8221; transform_origin_last_edited=&#8221;on|desktop&#8221; transform_styles_last_edited=&#8221;on|desktop&#8221; custom_margin=&#8221;7px||-59px|7px|false|false&#8221; custom_padding=&#8221;81px||0px||false|false&#8221; animation_style=&#8221;fade&#8221; animation_duration=&#8221;1450ms&#8221; transform_styles_tablet=&#8221;&#8221; transform_styles_phone=&#8221;&#8221; global_colors_info=&#8221;{}&#8221;]<\/p>\n<p style=\"text-align: center;\"><strong><\/strong><strong>Informations<\/strong> et <strong>r\u00e9servations\u00a0<\/strong><\/p>\n<p style=\"text-align: center;\">de vos <strong>ports<\/strong> <strong>favoris<\/strong><\/p>\n<p>[\/et_pb_text][et_pb_text _builder_version=&#8221;4.17.6&#8243; _module_preset=&#8221;default&#8221; text_font=&#8221;Poppins|300|||||||&#8221; transform_translate=&#8221;0px|-98px&#8221; transform_translate_linked=&#8221;off&#8221; animation_style=&#8221;fade&#8221; global_colors_info=&#8221;{}&#8221;]<\/p>\n<div data-canvas-width=\"603.6519999999998\" style=\"text-align: justify;\">Les ports corses est le <strong>1er r\u00e9seau portuaire de Corse<\/strong>. Retrouvez toutes les <strong>informations utiles<\/strong> en mer (navigation, m\u00e9t\u00e9o&#8230;) et \u00e0 terre (plan interactif,\u00a0environnement, patrimoine, actualit\u00e9s&#8230;). Aussi, vous pourrez\u00a0acc\u00e9der \u00e0 la\u00a0<strong>r\u00e9servation de places d\u2019escale<\/strong> dans les ports du r\u00e9seau.<\/div>\n<div data-canvas-width=\"603.6800000000001\" style=\"text-align: justify;\">N\u2019h\u00e9sitez pas \u00e0 t\u00e9l\u00e9charger notre<strong> application mobile<\/strong> (IOS et Android) pour un syst\u00e8me de r\u00e9servation simplifi\u00e9 et des informations en direct de votre smartphone.<\/div>\n<div data-canvas-width=\"603.6800000000001\" style=\"text-align: justify;\"><\/div>\n<div data-canvas-width=\"603.6800000000001\" style=\"text-align: justify;\"><\/div>\n<p>[\/et_pb_text][\/et_pb_column][et_pb_column type=&#8221;1_2&#8243; _builder_version=&#8221;4.17.6&#8243; _module_preset=&#8221;default&#8221; background_enable_image=&#8221;off&#8221; global_colors_info=&#8221;{}&#8221;][et_pb_image src=&#8221;https:\/\/www.lesportscorses.com\/wp-content\/uploads\/2022\/08\/map-corse-2.png&#8221; title_text=&#8221;map-corse-2&#8243; align=&#8221;center&#8221; _builder_version=&#8221;4.17.6&#8243; _module_preset=&#8221;default&#8221; transform_scale=&#8221;88%|88%&#8221; transform_scale_tablet=&#8221;91%|91%&#8221; transform_scale_phone=&#8221;125%|125%&#8221; transform_scale_last_edited=&#8221;on|desktop&#8221; transform_translate=&#8221;-22px|300px&#8221; transform_translate_tablet=&#8221;-22px|137px&#8221; transform_translate_phone=&#8221;-22px|18px&#8221; transform_translate_last_edited=&#8221;on|phone&#8221; transform_translate_linked=&#8221;off&#8221; transform_rotate_tablet=&#8221;&#8221; transform_rotate_phone=&#8221;&#8221; transform_rotate_last_edited=&#8221;on|desktop&#8221; transform_skew_tablet=&#8221;&#8221; transform_skew_phone=&#8221;&#8221; transform_skew_last_edited=&#8221;on|desktop&#8221; transform_origin_tablet=&#8221;&#8221; transform_origin_phone=&#8221;&#8221; transform_origin_last_edited=&#8221;on|desktop&#8221; transform_styles_last_edited=&#8221;on|phone&#8221; width=&#8221;100%&#8221; module_alignment=&#8221;center&#8221; custom_margin=&#8221;-70px||90px|80px|false|false&#8221; custom_padding=&#8221;|||48px|false|false&#8221; animation_style=&#8221;fade&#8221; animation_duration=&#8221;700ms&#8221; transform_styles_tablet=&#8221;&#8221; transform_styles_phone=&#8221;&#8221; global_colors_info=&#8221;{}&#8221;][\/et_pb_image][\/et_pb_column][\/et_pb_row][et_pb_row _builder_version=&#8221;4.17.6&#8243; _module_preset=&#8221;default&#8221; custom_margin=&#8221;14px|auto||auto|false|false&#8221; custom_margin_tablet=&#8221;14px|auto||auto|false|false&#8221; custom_margin_phone=&#8221;14px|auto||auto|false|false&#8221; custom_margin_last_edited=&#8221;on|desktop&#8221; custom_padding=&#8221;0px|||||&#8221; global_colors_info=&#8221;{}&#8221;][et_pb_column type=&#8221;4_4&#8243; _builder_version=&#8221;4.17.6&#8243; _module_preset=&#8221;default&#8221; global_colors_info=&#8221;{}&#8221;][et_pb_text _builder_version=&#8221;4.17.6&#8243; _module_preset=&#8221;default&#8221; text_font=&#8221;Poppins|700|||||||&#8221; text_text_color=&#8221;#00457A&#8221; text_font_size=&#8221;37px&#8221; text_letter_spacing=&#8221;1px&#8221; text_line_height=&#8221;1.8em&#8221; transform_scale=&#8221;81%|81%&#8221; custom_margin=&#8221;-40px||37px||false|false&#8221; custom_margin_tablet=&#8221;46px||37px||false|false&#8221; custom_margin_phone=&#8221;10px||||false|false&#8221; custom_margin_last_edited=&#8221;on|phone&#8221; custom_padding=&#8221;1px||3px||false|false&#8221; animation_direction=&#8221;top&#8221; text_font_size_tablet=&#8221;37px&#8221; text_font_size_phone=&#8221;28px&#8221; text_font_size_last_edited=&#8221;on|phone&#8221; global_colors_info=&#8221;{}&#8221;]<\/p>\n<p style=\"text-align: center;\"><span>\u00a0\u21e9 <\/span>CHOISISSEZ UN PORT <span>\u00a0\u21e9<\/span><\/p>\n<p>[\/et_pb_text][\/et_pb_column][\/et_pb_row][et_pb_row column_structure=&#8221;1_3,1_3,1_3&#8243; _builder_version=&#8221;4.17.6&#8243; _module_preset=&#8221;default&#8221; custom_margin=&#8221;-51px||||false|false&#8221; animation_style=&#8221;fade&#8221; animation_duration=&#8221;600ms&#8221; animation_delay=&#8221;250ms&#8221; animation_speed_curve=&#8221;ease&#8221; global_colors_info=&#8221;{}&#8221;][et_pb_column type=&#8221;1_3&#8243; _builder_version=&#8221;4.17.6&#8243; _module_preset=&#8221;default&#8221; global_colors_info=&#8221;{}&#8221;][et_pb_text _builder_version=&#8221;4.17.6&#8243; _module_preset=&#8221;default&#8221; text_font=&#8221;Poppins|600|||||||&#8221; text_text_color=&#8221;#52aadd&#8221; text_font_size=&#8221;22px&#8221; transform_translate=&#8221;0px|-21px&#8221; transform_translate_linked=&#8221;off&#8221; animation_style=&#8221;bounce&#8221; link_option_url=&#8221;https:\/\/lesportscorses.com\/ajaccio&#8221; global_colors_info=&#8221;{}&#8221;]<\/p>\n<p style=\"text-align: center;\">Ajaccio<br \/>Charles Ornano<\/p>\n<p>[\/et_pb_text][et_pb_image src=&#8221;https:\/\/www.lesportscorses.com\/wp-content\/uploads\/2022\/08\/lpc-bouton-ajaccio-300&#215;164-1.png&#8221; title_text=&#8221;lpc-bouton-ajaccio&#8221; url=&#8221;https:\/\/lesportscorses.com\/ajaccio&#8221; _builder_version=&#8221;4.17.6&#8243; _module_preset=&#8221;default&#8221; transform_scale=&#8221;78%|78%&#8221; transform_translate=&#8221;14px|-49px&#8221; transform_translate_linked=&#8221;off&#8221; custom_margin=&#8221;-8px||||false|false&#8221; box_shadow_style=&#8221;preset3&#8243; global_colors_info=&#8221;{}&#8221; transform_styles__hover_enabled=&#8221;on|hover&#8221; transform_scale__hover_enabled=&#8221;on|hover&#8221; transform_translate__hover_enabled=&#8221;on|desktop&#8221; transform_rotate__hover_enabled=&#8221;on|desktop&#8221; transform_skew__hover_enabled=&#8221;on|desktop&#8221; transform_origin__hover_enabled=&#8221;on|desktop&#8221; transform_scale__hover=&#8221;91%|91%&#8221; transform_translate__hover=&#8221;14px|-49px&#8221;][\/et_pb_image][et_pb_text _builder_version=&#8221;4.17.6&#8243; _module_preset=&#8221;default&#8221; text_font=&#8221;Poppins|600|||||||&#8221; text_text_color=&#8221;#52aadd&#8221; text_font_size=&#8221;22px&#8221; transform_translate=&#8221;0px|-25px&#8221; transform_translate_linked=&#8221;off&#8221; custom_padding=&#8221;23px||||false|false&#8221; link_option_url=&#8221;http:\/\/lesportscorses.com\/macinaggio&#8221; global_colors_info=&#8221;{}&#8221;]<\/p>\n<p style=\"text-align: center;\">Macinaggio<\/p>\n<p>[\/et_pb_text][et_pb_image src=&#8221;https:\/\/www.lesportscorses.com\/wp-content\/uploads\/2022\/08\/lpc-bouton-macinaggio.jpg&#8221; title_text=&#8221;lpc-bouton-macinaggio&#8221; url=&#8221;http:\/\/lesportscorses.com\/macinaggio&#8221; _builder_version=&#8221;4.17.6&#8243; _module_preset=&#8221;default&#8221; transform_scale=&#8221;75%|75%&#8221; transform_translate=&#8221;7px|-58px&#8221; transform_translate_linked=&#8221;off&#8221; box_shadow_style=&#8221;preset3&#8243; global_colors_info=&#8221;{}&#8221; transform_styles__hover_enabled=&#8221;on|hover&#8221; transform_scale__hover_enabled=&#8221;on|hover&#8221; transform_translate__hover_enabled=&#8221;on|desktop&#8221; transform_rotate__hover_enabled=&#8221;on|desktop&#8221; transform_skew__hover_enabled=&#8221;on|desktop&#8221; transform_origin__hover_enabled=&#8221;on|desktop&#8221; transform_scale__hover=&#8221;91%|91%&#8221; transform_translate__hover=&#8221;7px|-58px&#8221;][\/et_pb_image][\/et_pb_column][et_pb_column type=&#8221;1_3&#8243; _builder_version=&#8221;4.17.6&#8243; _module_preset=&#8221;default&#8221; global_colors_info=&#8221;{}&#8221;][et_pb_text _builder_version=&#8221;4.17.6&#8243; _module_preset=&#8221;default&#8221; text_font=&#8221;Poppins|600|||||||&#8221; text_text_color=&#8221;#52aadd&#8221; text_font_size=&#8221;22px&#8221; transform_translate_linked=&#8221;off&#8221; link_option_url=&#8221;http:\/\/lesportscorses.com\/bonifacio\/&#8221; global_colors_info=&#8221;{}&#8221;]<\/p>\n<p style=\"text-align: center;\">Bonifacio<\/p>\n<p>[\/et_pb_text][et_pb_image src=&#8221;https:\/\/www.lesportscorses.com\/wp-content\/uploads\/2022\/08\/lpc-bouton-bonifacio.png&#8221; title_text=&#8221;lpc-bouton-bonifacio&#8221; url=&#8221;http:\/\/lesportscorses.com\/bonifacio\/&#8221; _builder_version=&#8221;4.17.6&#8243; _module_preset=&#8221;default&#8221; transform_scale=&#8221;77%|77%&#8221; transform_translate=&#8221;0px|-28px&#8221; transform_translate_linked=&#8221;off&#8221; box_shadow_style=&#8221;preset3&#8243; global_colors_info=&#8221;{}&#8221; transform_styles__hover_enabled=&#8221;on|hover&#8221; transform_scale__hover_enabled=&#8221;on|hover&#8221; transform_translate__hover_enabled=&#8221;on|desktop&#8221; transform_rotate__hover_enabled=&#8221;on|desktop&#8221; transform_skew__hover_enabled=&#8221;on|desktop&#8221; transform_origin__hover_enabled=&#8221;on|desktop&#8221; transform_scale__hover=&#8221;91%|91%&#8221; transform_translate__hover=&#8221;0px|-28px&#8221;][\/et_pb_image][et_pb_text _builder_version=&#8221;4.17.6&#8243; _module_preset=&#8221;default&#8221; text_font=&#8221;Poppins|600|||||||&#8221; text_text_color=&#8221;#52aadd&#8221; text_font_size=&#8221;22px&#8221; transform_translate=&#8221;0px|-14px&#8221; transform_translate_linked=&#8221;off&#8221; custom_margin=&#8221;9px||||false|false&#8221; custom_padding=&#8221;24px||||false|false&#8221; link_option_url=&#8221;http:\/\/lesportscorses.com\/porto-vecchio&#8221; global_colors_info=&#8221;{}&#8221;]<\/p>\n<p style=\"text-align: center;\">Porto-Vecchio<\/p>\n<p>[\/et_pb_text][et_pb_image src=&#8221;https:\/\/www.lesportscorses.com\/wp-content\/uploads\/2022\/08\/lpc-bouton-porto-vecchio-300&#215;164-1.jpg&#8221; title_text=&#8221;lpc-bouton-porto-vecchio&#8221; url=&#8221;http:\/\/lesportscorses.com\/porto-vecchio&#8221; _builder_version=&#8221;4.17.6&#8243; _module_preset=&#8221;default&#8221; transform_scale=&#8221;81%|81%&#8221; transform_translate=&#8221;17px|-36px&#8221; transform_translate_linked=&#8221;off&#8221; box_shadow_style=&#8221;preset3&#8243; global_colors_info=&#8221;{}&#8221; transform_styles__hover_enabled=&#8221;on|hover&#8221; transform_scale__hover_enabled=&#8221;on|hover&#8221; transform_translate__hover_enabled=&#8221;on|hover&#8221; transform_rotate__hover_enabled=&#8221;on|desktop&#8221; transform_skew__hover_enabled=&#8221;on|desktop&#8221; transform_origin__hover_enabled=&#8221;on|desktop&#8221; transform_scale__hover=&#8221;91%|91%&#8221; transform_translate__hover=&#8221;17px|-36px&#8221;][\/et_pb_image][\/et_pb_column][et_pb_column type=&#8221;1_3&#8243; _builder_version=&#8221;4.17.6&#8243; _module_preset=&#8221;default&#8221; global_colors_info=&#8221;{}&#8221;][et_pb_text _builder_version=&#8221;4.17.6&#8243; _module_preset=&#8221;default&#8221; text_font=&#8221;Poppins|600|||||||&#8221; text_text_color=&#8221;#52aadd&#8221; text_font_size=&#8221;22px&#8221; transform_translate_linked=&#8221;off&#8221; link_option_url=&#8221;http:\/\/lesportscorses.com\/carghese&#8221; global_colors_info=&#8221;{}&#8221;]<\/p>\n<p style=\"text-align: center;\">Carg\u00e8se<\/p>\n<p>[\/et_pb_text][et_pb_image src=&#8221;https:\/\/www.lesportscorses.com\/wp-content\/uploads\/2022\/08\/lpc-bouton-cargese-1-300&#215;164-1.jpg&#8221; title_text=&#8221;lpc-bouton-cargese&#8221; url=&#8221;http:\/\/lesportscorses.com\/carghese&#8221; _builder_version=&#8221;4.17.6&#8243; _module_preset=&#8221;default&#8221; transform_scale=&#8221;82%|82%&#8221; transform_translate=&#8221;12px|-21px&#8221; transform_translate_linked=&#8221;off&#8221; box_shadow_style=&#8221;preset3&#8243; global_colors_info=&#8221;{}&#8221; transform_styles__hover_enabled=&#8221;on|hover&#8221; transform_scale__hover_enabled=&#8221;on|hover&#8221; transform_translate__hover_enabled=&#8221;on|desktop&#8221; transform_rotate__hover_enabled=&#8221;on|desktop&#8221; transform_skew__hover_enabled=&#8221;on|desktop&#8221; transform_origin__hover_enabled=&#8221;on|desktop&#8221; transform_scale__hover=&#8221;91%|91%&#8221; transform_translate__hover=&#8221;12px|-21px&#8221;][\/et_pb_image][et_pb_text _builder_version=&#8221;4.17.6&#8243; _module_preset=&#8221;default&#8221; text_font=&#8221;Poppins|600|||||||&#8221; text_text_color=&#8221;#52aadd&#8221; text_font_size=&#8221;22px&#8221; transform_translate_linked=&#8221;off&#8221; custom_margin=&#8221;9px||||false|false&#8221; custom_padding=&#8221;24px||||false|false&#8221; link_option_url=&#8221;http:\/\/lesportscorses.com\/propriano&#8221; global_colors_info=&#8221;{}&#8221;]<\/p>\n<p style=\"text-align: center;\">Propriano<\/p>\n<p>[\/et_pb_text][et_pb_image src=&#8221;https:\/\/www.lesportscorses.com\/wp-content\/uploads\/2022\/08\/lpc-bouton-propriano.jpg&#8221; title_text=&#8221;lpc-bouton-propriano&#8221; url=&#8221;http:\/\/lesportscorses.com\/propriano&#8221; _builder_version=&#8221;4.17.6&#8243; _module_preset=&#8221;default&#8221; transform_scale=&#8221;77%|77%&#8221; transform_translate=&#8221;0px|-32px&#8221; transform_translate_linked=&#8221;off&#8221; box_shadow_style=&#8221;preset3&#8243; box_shadow_color=&#8221;rgba(102,102,102,0.66)&#8221; global_colors_info=&#8221;{}&#8221; transform_styles__hover_enabled=&#8221;on|hover&#8221; transform_scale__hover_enabled=&#8221;on|hover&#8221; transform_translate__hover_enabled=&#8221;on|desktop&#8221; transform_rotate__hover_enabled=&#8221;on|desktop&#8221; transform_skew__hover_enabled=&#8221;on|desktop&#8221; transform_origin__hover_enabled=&#8221;on|desktop&#8221; transform_scale__hover=&#8221;91%|91%&#8221; transform_translate__hover=&#8221;0px|-32px&#8221;][\/et_pb_image][\/et_pb_column][\/et_pb_row][\/et_pb_section]<\/p>\n","protected":false},"excerpt":{"rendered":"<p>Bienvenue sur le site des ports corses ! Informations et r\u00e9servations\u00a0 de vos ports favorisLes ports corses est le 1er r\u00e9seau portuaire de Corse. Retrouvez toutes les informations utiles en mer (navigation, m\u00e9t\u00e9o&#8230;) et \u00e0 terre (plan interactif,\u00a0environnement, patrimoine, actualit\u00e9s&#8230;). Aussi, vous pourrez\u00a0acc\u00e9der \u00e0 la\u00a0r\u00e9servation de places d\u2019escale dans les ports du r\u00e9seau. N\u2019h\u00e9sitez pas [&hellip;]<\/p>\n","protected":false},"author":2,"featured_media":0,"parent":0,"menu_order":0,"comment_status":"closed","ping_status":"closed","template":"page-template-blank.php","meta":{"_et_pb_use_builder":"on","_et_pb_old_content":"","_et_gb_content_width":"","footnotes":""},"class_list":["post-6","page","type-page","status-publish","hentry"],"_links":{"self":[{"href":"https:\/\/www.lesportscorses.com\/v3\/wp-json\/wp\/v2\/pages\/6","targetHints":{"allow":["GET"]}}],"collection":[{"href":"https:\/\/www.lesportscorses.com\/v3\/wp-json\/wp\/v2\/pages"}],"about":[{"href":"https:\/\/www.lesportscorses.com\/v3\/wp-json\/wp\/v2\/types\/page"}],"author":[{"embeddable":true,"href":"https:\/\/www.lesportscorses.com\/v3\/wp-json\/wp\/v2\/users\/2"}],"replies":[{"embeddable":true,"href":"https:\/\/www.lesportscorses.com\/v3\/wp-json\/wp\/v2\/comments?post=6"}],"version-history":[{"count":18,"href":"https:\/\/www.lesportscorses.com\/v3\/wp-json\/wp\/v2\/pages\/6\/revisions"}],"predecessor-version":[{"id":99,"href":"https:\/\/www.lesportscorses.com\/v3\/wp-json\/wp\/v2\/pages\/6\/revisions\/99"}],"wp:attachment":[{"href":"https:\/\/www.lesportscorses.com\/v3\/wp-json\/wp\/v2\/media?parent=6"}],"curies":[{"name":"wp","href":"https:\/\/api.w.org\/{rel}","templated":true}]}}